 z be f(-6). Calculate the highest common divisor of 649 and z.
11
Let j be ((-6 + 4)*-12)/((50/(-510))/(-5)). Calculate the greatest common divisor of j and 1938.
102
Suppose 2*v + 418 = 2*k, 830 = -10*k + 14*k + 2*v. Suppose 48 = -168*r + 171*r. What is the greatest common divisor of k and r?
16
Let x be 9774/33 + ((-680)/110 - -6). What is the highest common factor of 666 and x?
74
Let s be (-21 - 2251)/((-3)/((-1)/((-2)/3))). Calculate the greatest common divisor of s and 3834.
142
Let n = 13 - -15. Suppose -23 + 266 = 72*o - 333. What is the greatest common factor of o and n?
4
Let m be (-15)/(1275/136) + 23056/10. What is the greatest common factor of m and 432?
144
Let y = -7832 - -8063. What is the greatest common factor of 18249 and y?
231
Let t(n) = n**3 + 16*n**2 + 37*n + 129. Let k be t(-14). What is the greatest common divisor of 83 and k?
1
Let n(l) = 3*l**2 - 45*l + 39. Let f be n(14). Let y be (f/(45/(-6)))/((-56)/(-280)). What is the highest common factor of 5 and y?
1
Suppose -4*f = 5*i - 32, -2*i + 4*i + 5*f - 23 = 0. Suppose -i*n = 27*n - 372. What is the greatest common divisor of 36 and n?
12
Let g(y) = -12*y**2 + 108*y + 17. Let r be g(9). Calculate the highest common divisor of r and 10.
1
Let p(g) = 7*g - 8 - g**2 + 9*g - 7*g. Let s be p(6). Calculate the greatest common divisor of 25 and s.
5
Suppose 2*o - 1350 - 676 = -2*s, -4*s = 8. What is the greatest common factor of 406 and o?
203
Let a(k) = k**2 + 9*k - 2. Let n be a(-11). Let y = 113 + -115. Let m be (10 + y)*(-15)/(-4). Calculate the greatest common divisor of m and n.
10
Suppose -i + w - 282 = 0, 4*i - 5*i - 2*w - 273 = 0. Let d = i + 281. Calculate the highest common divisor of d and 2.
2
Let z be (-20)/(-25)*5*3. Let m = -670 + 756. Suppose -3*k + m = l, -2*k + 2*l - 6 = -74. What is the highest common factor of z and k?
6
Let g be 3/(-12)*0 - -60. Let u = g + -88. Let k be (-8)/u + 10*2/28. What is the highest common divisor of 9 and k?
1
Suppose 135 = -3*d + 1980. Suppose -16*m - d + 2935 = 0. What is the highest common factor of 58 and m?
29
Suppose 98*s - 93*s = 3*j - 379, -4*s - 131 = -j. Calculate the highest common divisor of j and 1025.
41
Let k = -588 + 611. Suppose -3*n = -n - 2. Let i = n + k. Calculate the highest common divisor of i and 120.
24
Let b(f) be the third derivative of f**5/60 + f**4/4 + 5*f**3/2 + 3*f**2 - 3. Let s be b(-3). Calculate the highest common factor of s and 6.
6
Let d(f) = 19*f - 59. Let h be d(6). Suppose h*a = 52*a + 234. What is the highest common factor of 507 and a?
39
Let i(f) = -6*f + 3. Let b be i(-3). Suppose -3*p + 26*p = 37674. Let v be 7 - 10 - p/(-7). Calculate the greatest common divisor of v and b.
21
Let v be -2 - 2403/(-4 + 1). Let k = 5789 - 5772. What is the highest common factor of k and v?
17
Let l = 166 + -10. Suppose 0 = 9*b - l + 102. Calculate the highest common divisor of b and 6.
6
Suppose -2*u - 111 - 13 = 0. Let v = u + 124. Let y be (-6)/(-10) + v/5. Calculate the highest common divisor of y and 13.
13
Suppose -644*d = -649*d + 425. What is the highest common factor of d and 289?
17
Suppose -50 - 50 = -2*w. Let p = -1872 - -2047. What is the highest common factor of w and p?
25
Let t be (8/(-52) - 496/156)/(2/(-24)). Calculate the highest common divisor of t and 790.
10
Let s be -3 - (-34)/(-17) - -1*1061. What is the highest common factor of 60 and s?
12
Let i be ((-18)/15)/((-64)/160). What is the highest common factor of 321 and i?
3
Let g(c) = 3*c + 11 + 7*c**2 + 5*c**3 + 2*c - 4*c**3. Let s be g(-5). Let r = 781 + -733. Calculate the highest common factor of s and r.
12
Let o = 5643 + -5371. Calculate the highest common divisor of 208 and o.
16
Let b be 2 - (1 + -8 + 78/13). Let i be -7 + (-15)/b + 84. Let w = -5 + 23. What is the greatest common divisor of i and w?
18
Let l(y) = 2*y**2 - 12*y - 6. Let n be l(-7). Let u be 18/(15/110 - 0). What is the highest common divisor of u and n?
44
Suppose 52*s + 5 = 109. Let m be s/(-10) + (-12628)/(-140). What is the highest common factor of m and 100?
10
Suppose 236*r = 22*r + 13151 - 1167. Let h = 72 - 34. Suppose 4*m - 5*q - h - 89 = 0, 0 = 4*m + 4*q - 100. What is the greatest common divisor of r and m?
28
Let t(h) = 178*h - 1043. Let v be t(23). What is the greatest common divisor of v and 189?
27
Let k = 286 - 182. Suppose 3*h - k = -5*j, h + 2*j - 36 = -0*h. What is the greatest common factor of 112 and h?
28
Let k = 6796 - 6620. Calculate the highest common divisor of k and 5192.
88
Let l be (50/(-16) + 2)/((18 - (-5453)/(-304))*-2). Suppose -3*k = -16 - 2. What is the highest common divisor of l and k?
3
Suppose -63 = -4*i + 5*v, 0 = -2*i - 5*v + 2*v + 59. Let o(f) = -f**2 + 2232*f - 15571. Let l be o(7). Calculate the greatest common divisor of i and l.
2
Let v be 12*(5 + (-95)/20). Let t be (-6)/(-2*(-6)/(-8)). Suppose -v*n + t*n = 11. What is the highest common divisor of 99 and n?
11
Let s(t) = -2*t**2 - 387*t + 4510. Let d be s(11). Calculate the highest common divisor of d and 39281.
11
Let l(h) = h**2 - 18*h + 74. Let i = 513 + -507. Let s be l(i). What is the greatest common divisor of 34 and s?
2
Let z = -357 - -426. Suppose 0 = -60*b + z*b - 360. Calculate the greatest common divisor of b and 380.
20
Let t be (2 + 34/3)/(1/(-3)). Let o be 5/t - 2/(-16). Suppose -46 = 3*p - 5*m - 185, o = -2*p - 5*m + 101. What is the highest common divisor of p and 32?
16
Let k(h) = h**2 + 26*h - 65. Let u be k(-22). Let m = -140 - u. What is the highest common factor of m and 247?
13
Let j be (864/30 + -1)/(2/10). Suppose 10*h + 49 - j = 0. What is the highest common factor of 369 and h?
9
Let m(v) = -2*v**3 - 27*v**2 + 6*v - 90. Let c be m(-14). Let g(o) = o**3 - 2*o**2 - o - 4. Let n be g(3). Calculate the greatest common divisor of n and c.
2
Suppose -460*k + 458*k = -2*z - 40, -5*z - 77 = -4*k. Suppose 12*o + 2576 = 19*o. Calculate the greatest common factor of o and k.
23
Suppose 3*f = -2*k + 52, 0 - 62 = -5*k + f. Let w(p) = p**3 + p**2 + p + 42. Let u be w(0). Calculate the greatest common divisor of u and k.
14
Let b(u) = 3*u**3 - 4*u**2 + 11*u - 9. Let d be b(3). Suppose 10*z - d = -39. What is the greatest common factor of 2 and z?
1
Suppose 29*n = 889 + 2098. What is the highest common factor of n and 2987?
103
Let q(u) = 386*u + 27044. Let l be q(-70). Suppose 0 = -2*x + 100 + 8. Calculate the greatest common divisor of l and x.
6
Suppose 6746 = 51*b + 18170. Let r = b + 249. Calculate the highest common divisor of 575 and r.
25
Let i be (47 - 27)/(3/72*2). Calculate the highest common factor of 260 and i.
20
Let w = -90 - -132. Suppose -3*q - 4*u = -32, 2*q - u = 3*u - 12. Suppose -q*c + 31 = 5*f + 5, -25 = -4*f + c. What is the greatest common factor of w and f?
6
Suppose -3*h + 6*h - 43046 + 12830 = 0. Calculate the highest common divisor of h and 8.
8
Let y = 455 + 2697. Calculate the greatest common divisor of y and 32.
16
Let h(j) = -8*j - 562. Let q(d) = 5*d + 280. Let f(o) = -2*h(o) - 5*q(o). Let x be f(-36). Calculate the highest common factor of x and 80.
16
Let p = 8817 - 985. Calculate the greatest common factor of 264 and p.
88
Suppose 204*x - 4*z + 2232 = 208*x, 2*x = 2*z + 1124. Let t = 101 + -21. Calculate the highest common factor of x and t.
80
Suppose -4*z + 738 = 3*a, 680 = 4*a - 3*z - 379. What is the highest common divisor of 25671 and a?
129
Let d(r) = -59*r - 1400. Let j be d(-28). What is the highest common factor of j and 315?
63
Let z = 29 + 153. Calculate the highest common factor of 234 and z.
26
Let j(g) = 17*g + 246. Let v be j(-14). What is the greatest common factor of 236 and v?
4
Let o = 28 - 26. Suppose 3*y - 10 = -o*y. Suppose 0*j = y*j - 4. What is the greatest common factor of j and 6?
2
Suppose -2*c + 3*x = -37086, -3*c + 53067 = -x - 2576. Calculate the greatest common divisor of 81 and c.
81
Let m(v) = 39*v**3 + 2*v**2 + 7*v - 8. Let g be m(1). Suppose 123 = 4*x - r, -3*r - 98 = -3*x - 17. Calculate the highest common divisor of x and g.
8
Let v = 16101 - 3877. Calculate the greatest common factor of 64 and v.
64
Suppose 2*q + 18 = u + 23, -5*q + 5 = -5*u. Suppose -5*x - 11*v + 15*v + 78 = 0, 4*x - u*v = 62. Calculate the greatest common factor of x and 378.
14
Suppose 10 = 5*q, 2*q